{"id":186,"date":"2024-11-04T14:11:21","date_gmt":"2024-11-04T14:11:21","guid":{"rendered":"https:\/\/www.kivircikhali.com\/?page_id=186"},"modified":"2024-11-04T14:12:40","modified_gmt":"2024-11-04T14:12:40","slug":"kvkk-bildirimi","status":"publish","type":"page","link":"https:\/\/www.kivircikhali.com\/en\/kvkk-bildirimi\/","title":{"rendered":"KVKK Bildirimi"},"content":{"rendered":"<div class=\"wp-block-group alignfull has-global-padding is-layout-constrained wp-container-core-group-is-layout-301020a0 wp-block-group-is-layout-constrained\" style=\"padding-top:var(--wp--preset--spacing--50);padding-right:var(--wp--preset--spacing--50);padding-bottom:var(--wp--preset--spacing--50);padding-left:var(--wp--preset--spacing--50)\"><div class=\"wp-block-columns alignwide is-layout-flex wp-container-core-columns-is-layout-08c01c1c wp-block-columns-is-layout-flex\"><div class=\"wp-block-column is-layout-flow wp-block-column-is-layout-flow\" style=\"flex-basis:33%\"><p class=\"has-heading-font-family has-large-font-size\" style=\"line-height:1.2\">Daha s\u00fcrd\u00fcr\u00fclebilir bir gelecek in\u015fa etmede mimarinin kritik \u00f6nemini kabul ediyoruz.<\/p><\/div>\n\n<div class=\"wp-block-column is-layout-flow wp-container-core-column-is-layout-119bc444 wp-block-column-is-layout-flow\"><div class=\"wp-block-group is-nowrap is-layout-flex wp-container-core-group-is-layout-877c468d wp-block-group-is-layout-flex\"><div class=\"wp-block-group is-vertical is-content-justification-left is-nowrap is-layout-flex wp-container-core-group-is-layout-970da055 wp-block-group-is-layout-flex\"><p style=\"font-style:normal;font-weight:500\">Veri Sorumlusu ve Temsilcisi<\/p>\n\n<p>6698 say\u0131l\u0131 Ki\u015fisel Verilerin Korunmas\u0131 Kanunu (\u201c6698 say\u0131l\u0131 Kanun\u201d) uyar\u0131nca, ki\u015fisel verileriniz; veri sorumlusu olarak Eman Hal\u0131c\u0131l\u0131k San. Ve Tic. Ltd. \u015eti. (\u201c\u015eirket\u201d) taraf\u0131ndan a\u015fa\u011f\u0131da a\u00e7\u0131klanan kapsamda i\u015flenebilecektir.<\/p><\/div>\n\n<div class=\"wp-block-group is-vertical is-nowrap is-layout-flex wp-container-core-group-is-layout-3655d5c7 wp-block-group-is-layout-flex\"><p style=\"font-style:normal;font-weight:500\">Ki\u015fisel Verilerin Hangi Ama\u00e7la \u0130\u015flenece\u011fi<\/p>\n\n<p>Toplanan ki\u015fisel verileriniz, e-posta ile haber g\u00f6nderimi ama\u00e7lar\u0131yla; 6698 say\u0131l\u0131 Kanun\u2019un 5. ve 6. maddelerinde belirtilen ki\u015fisel veri i\u015fleme \u015fartlar\u0131 ve ama\u00e7lar\u0131 dahilinde i\u015flenecektir. Ki\u015fisel verilerinizin \u015eirketimiz taraf\u0131ndan i\u015flenme ama\u00e7lar\u0131 konusunda detayl\u0131 bilgilere; www.kivircikhali.com internet adresinden kamuoyu ile payla\u015f\u0131lm\u0131\u015f olan Ki\u015fisel Verilerin Korunmas\u0131 ve \u0130\u015flenmesi Politikas\u0131ndan ula\u015fabilirsiniz.<\/p><\/div><\/div>\n\n<div class=\"wp-block-group is-nowrap is-layout-flex wp-container-core-group-is-layout-877c468d wp-block-group-is-layout-flex\"><div class=\"wp-block-group is-vertical is-nowrap is-layout-flex wp-container-core-group-is-layout-3655d5c7 wp-block-group-is-layout-flex\"><p style=\"font-style:normal;font-weight:500\">\u0130\u015flenen Ki\u015fisel Verilerin Kimlere ve Hangi Ama\u00e7la Aktar\u0131labilece\u011fi<\/p>\n\n<p>Toplanan ki\u015fisel verileriniz; bildirim ve haber g\u00f6nderimi ama\u00e7lar\u0131yla hissedarlar\u0131m\u0131za, i\u015ftiraklerimize, tedarik\u00e7ilerimize, i\u015f ortaklar\u0131m\u0131za ve kanunen yetkili kamu kurumlar\u0131 ile \u00f6zel ki\u015filere 6698 say\u0131l\u0131 Kanun\u2019un 8. ve 9. maddelerinde belirtilen ki\u015fisel veri i\u015fleme \u015fartlar\u0131 ve ama\u00e7lar\u0131 \u00e7er\u00e7evesinde www.kivircikhali.com internet adresinden kamuoyu ile payla\u015f\u0131lm\u0131\u015f olan Ki\u015fisel Verilerin Korunmas\u0131 ve \u0130\u015flenmesi Politikas\u0131\u2019nda belirtilen ama\u00e7larla s\u0131n\u0131rl\u0131 olarak aktar\u0131labilecektir.<\/p><\/div>\n\n<div class=\"wp-block-group is-vertical is-nowrap is-layout-flex wp-container-core-group-is-layout-3655d5c7 wp-block-group-is-layout-flex\"><p style=\"font-style:normal;font-weight:500\">Ki\u015fisel Veri Toplaman\u0131n Y\u00f6ntemi ve Hukuki Sebebi<\/p>\n\n<p>Ki\u015fisel verileriniz \u015eirketimiz taraf\u0131ndan farkl\u0131 kanallarla ve farkl\u0131 hukuki sebeplere dayanarak; \u015eirketimizin sundu\u011fumuz \u00fcr\u00fcn ile hizmetleri geli\u015ftirmek ve ticari faaliyetlerimizi y\u00fcr\u00fctmek amac\u0131yla toplanmaktad\u0131r. Bu s\u00fcre\u00e7te ki\u015fisel verileriniz; e-posta kayd\u0131 arac\u0131l\u0131\u011f\u0131yla toplanmaktad\u0131r. Bu hukuki sebeple toplanan ki\u015fisel verileriniz 6698 say\u0131l\u0131 Kanun\u2019un 5. ve 6. maddelerinde belirtilen ki\u015fisel veri i\u015fleme \u015fartlar\u0131 ve ama\u00e7lar\u0131 kapsam\u0131nda bu Ayd\u0131nlatma Metni\u2019nin (b) ve (c) maddelerinde belirtilen ama\u00e7larla da i\u015flenebilmekte ve aktar\u0131labilmektedir.<\/p><\/div><\/div><\/div><\/div><\/div><div class=\"wp-block-group alignfull has-background is-layout-flow wp-block-group-is-layout-flow\" style=\"background-color:#f2f0e9\"><div style=\"height:70px\" aria-hidden=\"true\" class=\"wp-block-spacer\"><\/div>\n\n<div class=\"wp-block-columns alignwide are-vertically-aligned-center is-layout-flex wp-container-core-columns-is-layout-28f84493 wp-block-columns-is-layout-flex\"><div class=\"wp-block-column is-layout-flow wp-block-column-is-layout-flow\" style=\"flex-basis:50%\"><p class=\"has-text-color\" style=\"color:#000000;font-size:clamp(18.959px, 1.185rem + ((1vw - 3.2px) * 1.15), 30px);line-height:1.1\"><strong>Ki\u015fisel Veri Sahibinin 6698 say\u0131l\u0131 Kanun\u2019un 11. maddesinde Say\u0131lan Haklar\u0131<\/strong><\/p><\/div>\n\n<div class=\"wp-block-column is-layout-flow wp-block-column-is-layout-flow\" style=\"flex-basis:50%\"><hr class=\"wp-block-separator has-text-color has-css-opacity has-background is-style-wide\" style=\"background-color:#000000;color:#000000\"\/><\/div><\/div>\n\n<div class=\"wp-block-columns alignwide is-layout-flex wp-container-core-columns-is-layout-28f84493 wp-block-columns-is-layout-flex\"><div class=\"wp-block-column is-layout-flow wp-block-column-is-layout-flow\"><\/div>\n\n<div class=\"wp-block-column is-layout-flow wp-block-column-is-layout-flow\"><p class=\"has-text-color has-extra-small-font-size\" style=\"color:#000000\">Ki\u015fisel veri sahipleri olarak, haklar\u0131n\u0131za ili\u015fkin taleplerinizi www.kivircikhali.com internet adresinden kamuoyu ile payla\u015f\u0131lm\u0131\u015f olan Ki\u015fisel Verilerin Korunmas\u0131 ve \u0130\u015flenmesi Politikas\u0131nda d\u00fczenlenen y\u00f6ntemlerle \u015eirket&#8217;e iletmeniz durumunda Eman Hal\u0131c\u0131l\u0131k talebin niteli\u011fine g\u00f6re talebi en k\u0131sa s\u00fcrede ve en ge\u00e7 otuz g\u00fcn i\u00e7inde sonu\u00e7land\u0131racakt\u0131r. Ancak, i\u015flemin ayr\u0131ca bir maliyeti gerektirmesi h\u00e2linde, \u015eirket taraf\u0131ndan Ki\u015fisel Verileri Koruma Kurulu\u2019nca belirlenen tarifedeki \u00fccret al\u0131nacakt\u0131r.<\/p><\/div>\n\n<div class=\"wp-block-column is-layout-flow wp-block-column-is-layout-flow\"><p><strong>Bu kapsamda ki\u015fisel veri sahipleri:<\/strong><\/p>\n\n<ul class=\"wp-block-list\"><li>Ki\u015fisel veri i\u015flenip i\u015flenmedi\u011fini \u00f6\u011frenme,<\/li>\n\n<li>Ki\u015fisel verileri i\u015flenmi\u015fse buna ili\u015fkin bilgi talep etme,<\/li>\n\n<li>Ki\u015fisel verilerin i\u015flenme amac\u0131n\u0131 ve bunlar\u0131n amac\u0131na uygun kullan\u0131l\u0131p kullan\u0131lmad\u0131\u011f\u0131n\u0131 \u00f6\u011frenme,<\/li>\n\n<li>Yurt i\u00e7inde veya yurt d\u0131\u015f\u0131nda ki\u015fisel verilerin aktar\u0131ld\u0131\u011f\u0131 \u00fc\u00e7\u00fcnc\u00fc ki\u015fileri bilme,<\/li>\n\n<li>Ki\u015fisel verilerin eksik veya yanl\u0131\u015f i\u015flenmi\u015f olmas\u0131 h\u00e2linde bunlar\u0131n d\u00fczeltilmesini isteme ve bu kapsamda yap\u0131lan i\u015flemin ki\u015fisel verilerin aktar\u0131ld\u0131\u011f\u0131 \u00fc\u00e7\u00fcnc\u00fc ki\u015filere bildirilmesini isteme,<\/li>\n\n<li>6698 say\u0131l\u0131 Kanun ve ilgili di\u011fer kanun h\u00fck\u00fcmlerine uygun olarak i\u015flenmi\u015f olmas\u0131na ra\u011fmen, i\u015flenmesini gerektiren sebeplerin ortadan kalkmas\u0131 h\u00e2linde ki\u015fisel verilerin silinmesini veya yok edilmesini isteme ve bu kapsamda yap\u0131lan i\u015flemin ki\u015fisel verilerin aktar\u0131ld\u0131\u011f\u0131 \u00fc\u00e7\u00fcnc\u00fc ki\u015filere bildirilmesini isteme,<\/li>\n\n<li>\u0130\u015flenen verilerin m\u00fcnhas\u0131ran otomatik sistemler vas\u0131tas\u0131yla analiz edilmesi suretiyle ki\u015finin kendisi aleyhine bir sonucun ortaya \u00e7\u0131kmas\u0131na itiraz etme,<\/li>\n\n<li>Ki\u015fisel verilerin kanuna ayk\u0131r\u0131 olarak i\u015flenmesi sebebiyle zarara u\u011framas\u0131 h\u00e2linde zarar\u0131n giderilmesini talep etme haklar\u0131na sahiptir.<\/li><\/ul><\/div><\/div>\n\n<div style=\"height:40px\" aria-hidden=\"true\" class=\"wp-block-spacer\"><\/div><\/div>","protected":false},"excerpt":{"rendered":"<p>Daha s\u00fcrd\u00fcr\u00fclebilir bir gelecek in\u015fa etmede mimarinin kritik \u00f6nemini kabul ediyoruz. Veri Sorumlusu ve Temsilcisi 6698 say\u0131l\u0131 Ki\u015fisel Verilerin Korunmas\u0131 Kanunu (\u201c6698 say\u0131l\u0131 Kanun\u201d) uyar\u0131nca, ki\u015fisel verileriniz; veri sorumlusu olarak Eman Hal\u0131c\u0131l\u0131k San. Ve Tic. Ltd. \u015eti. (\u201c\u015eirket\u201d) taraf\u0131ndan a\u015fa\u011f\u0131da a\u00e7\u0131klanan kapsamda i\u015flenebilecektir. Ki\u015fisel Verilerin Hangi Ama\u00e7la \u0130\u015flenece\u011fi Toplanan ki\u015fisel verileriniz, e-posta ile haber g\u00f6nderimi [&hellip;]<\/p>","protected":false},"author":1,"featured_media":0,"parent":0,"menu_order":0,"comment_status":"closed","ping_status":"closed","template":"","meta":{"_acf_changed":false,"footnotes":""},"class_list":["post-186","page","type-page","status-publish","hentry"],"acf":[],"aioseo_notices":[],"_links":{"self":[{"href":"https:\/\/www.kivircikhali.com\/en\/wp-json\/wp\/v2\/pages\/186","targetHints":{"allow":["GET"]}}],"collection":[{"href":"https:\/\/www.kivircikhali.com\/en\/wp-json\/wp\/v2\/pages"}],"about":[{"href":"https:\/\/www.kivircikhali.com\/en\/wp-json\/wp\/v2\/types\/page"}],"author":[{"embeddable":true,"href":"https:\/\/www.kivircikhali.com\/en\/wp-json\/wp\/v2\/users\/1"}],"replies":[{"embeddable":true,"href":"https:\/\/www.kivircikhali.com\/en\/wp-json\/wp\/v2\/comments?post=186"}],"version-history":[{"count":0,"href":"https:\/\/www.kivircikhali.com\/en\/wp-json\/wp\/v2\/pages\/186\/revisions"}],"wp:attachment":[{"href":"https:\/\/www.kivircikhali.com\/en\/wp-json\/wp\/v2\/media?parent=186"}],"curies":[{"name":"wp","href":"https:\/\/api.w.org\/{rel}","templated":true}]}}

<div class="wp-block-group alignfull has-global-padding is-layout-constrained wp-container-core-group-is-layout-301020a0 wp-block-group-is-layout-constrained" style="padding-top:var(--wp--preset--spacing--50);padding-right:var(--wp--preset--spacing--50);padding-bottom:var(--wp--preset--spacing--50);padding-left:var(--wp--preset--spacing--50)"><div class="wp-block-columns alignwide is-layout-flex wp-container-core-columns-is-layout-08c01c1c wp-block-columns-is-layout-flex"><div class="wp-block-column is-layout-flow wp-block-column-is-layout-flow" style="flex-basis:33%"><p class="has-heading-font-family has-large-font-size" style="line-height:1.2">Daha sürdürülebilir bir gelecek inşa etmede mimarinin kritik önemini kabul ediyoruz.</p></div>

<div class="wp-block-column is-layout-flow wp-container-core-column-is-layout-119bc444 wp-block-column-is-layout-flow"><div class="wp-block-group is-nowrap is-layout-flex wp-container-core-group-is-layout-877c468d wp-block-group-is-layout-flex"><div class="wp-block-group is-vertical is-content-justification-left is-nowrap is-layout-flex wp-container-core-group-is-layout-970da055 wp-block-group-is-layout-flex"><p style="font-style:normal;font-weight:500">Veri Sorumlusu ve Temsilcisi</p>

<p>6698 sayılı Kişisel Verilerin Korunması Kanunu (“6698 sayılı Kanun”) uyarınca, kişisel verileriniz; veri sorumlusu olarak Eman Halıcılık San. Ve Tic. Ltd. Şti. (“Şirket”) tarafından aşağıda açıklanan kapsamda işlenebilecektir.</p></div>

<div class="wp-block-group is-vertical is-nowrap is-layout-flex wp-container-core-group-is-layout-3655d5c7 wp-block-group-is-layout-flex"><p style="font-style:normal;font-weight:500">Kişisel Verilerin Hangi Amaçla İşleneceği</p>

<p>Toplanan kişisel verileriniz, e-posta ile haber gönderimi amaçlarıyla; 6698 sayılı Kanun’un 5. ve 6. maddelerinde belirtilen kişisel veri işleme şartları ve amaçları dahilinde işlenecektir. Kişisel verilerinizin Şirketimiz tarafından işlenme amaçları konusunda detaylı bilgilere; www.kivircikhali.com internet adresinden kamuoyu ile paylaşılmış olan Kişisel Verilerin Korunması ve İşlenmesi Politikasından ulaşabilirsiniz.</p></div></div>

<div class="wp-block-group is-nowrap is-layout-flex wp-container-core-group-is-layout-877c468d wp-block-group-is-layout-flex"><div class="wp-block-group is-vertical is-nowrap is-layout-flex wp-container-core-group-is-layout-3655d5c7 wp-block-group-is-layout-flex"><p style="font-style:normal;font-weight:500">İşlenen Kişisel Verilerin Kimlere ve Hangi Amaçla Aktarılabileceği</p>

<p>Toplanan kişisel verileriniz; bildirim ve haber gönderimi amaçlarıyla hissedarlarımıza, iştiraklerimize, tedarikçilerimize, iş ortaklarımıza ve kanunen yetkili kamu kurumları ile özel kişilere 6698 sayılı Kanun’un 8. ve 9. maddelerinde belirtilen kişisel veri işleme şartları ve amaçları çerçevesinde www.kivircikhali.com internet adresinden kamuoyu ile paylaşılmış olan Kişisel Verilerin Korunması ve İşlenmesi Politikası’nda belirtilen amaçlarla sınırlı olarak aktarılabilecektir.</p></div>

<div class="wp-block-group is-vertical is-nowrap is-layout-flex wp-container-core-group-is-layout-3655d5c7 wp-block-group-is-layout-flex"><p style="font-style:normal;font-weight:500">Kişisel Veri Toplamanın Yöntemi ve Hukuki Sebebi</p>

<p>Kişisel verileriniz Şirketimiz tarafından farklı kanallarla ve farklı hukuki sebeplere dayanarak; Şirketimizin sunduğumuz ürün ile hizmetleri geliştirmek ve ticari faaliyetlerimizi yürütmek amacıyla toplanmaktadır. Bu süreçte kişisel verileriniz; e-posta kaydı aracılığıyla toplanmaktadır. Bu hukuki sebeple toplanan kişisel verileriniz 6698 sayılı Kanun’un 5. ve 6. maddelerinde belirtilen kişisel veri işleme şartları ve amaçları kapsamında bu Aydınlatma Metni’nin (b) ve (c) maddelerinde belirtilen amaçlarla da işlenebilmekte ve aktarılabilmektedir.</p></div></div></div></div></div><div class="wp-block-group alignfull has-background is-layout-flow wp-block-group-is-layout-flow" style="background-color:#f2f0e9"><div style="height:70px" aria-hidden="true" class="wp-block-spacer"></div>

<div class="wp-block-columns alignwide are-vertically-aligned-center is-layout-flex wp-container-core-columns-is-layout-28f84493 wp-block-columns-is-layout-flex"><div class="wp-block-column is-layout-flow wp-block-column-is-layout-flow" style="flex-basis:50%"><p class="has-text-color" style="color:#000000;font-size:clamp(18.959px, 1.185rem + ((1vw - 3.2px) * 1.15), 30px);line-height:1.1"><strong>Kişisel Veri Sahibinin 6698 sayılı Kanun’un 11. maddesinde Sayılan Hakları</strong></p></div>

<div class="wp-block-column is-layout-flow wp-block-column-is-layout-flow" style="flex-basis:50%"><hr class="wp-block-separator has-text-color has-css-opacity has-background is-style-wide" style="background-color:#000000;color:#000000"/></div></div>

<div class="wp-block-columns alignwide is-layout-flex wp-container-core-columns-is-layout-28f84493 wp-block-columns-is-layout-flex"><div class="wp-block-column is-layout-flow wp-block-column-is-layout-flow"></div>

<div class="wp-block-column is-layout-flow wp-block-column-is-layout-flow"><p class="has-text-color has-extra-small-font-size" style="color:#000000">Kişisel veri sahipleri olarak, haklarınıza ilişkin taleplerinizi www.kivircikhali.com internet adresinden kamuoyu ile paylaşılmış olan Kişisel Verilerin Korunması ve İşlenmesi Politikasında düzenlenen yöntemlerle Şirket&#8217;e iletmeniz durumunda Eman Halıcılık talebin niteliğine göre talebi en kısa sürede ve en geç otuz gün içinde sonuçlandıracaktır. Ancak, işlemin ayrıca bir maliyeti gerektirmesi hâlinde, Şirket tarafından Kişisel Verileri Koruma Kurulu’nca belirlenen tarifedeki ücret alınacaktır.</p></div>

<div class="wp-block-column is-layout-flow wp-block-column-is-layout-flow"><p><strong>Bu kapsamda kişisel veri sahipleri:</strong></p>

<ul class="wp-block-list"><li>Kişisel veri işlenip işlenmediğini öğrenme,</li>

<li>Kişisel verileri işlenmişse buna ilişkin bilgi talep etme,</li>

<li>Kişisel verilerin işlenme amacını ve bunların amacına uygun kullanılıp kullanılmadığını öğrenme,</li>

<li>Yurt içinde veya yurt dışında kişisel verilerin aktarıldığı üçüncü kişileri bilme,</li>

<li>Kişisel verilerin eksik veya yanlış işlenmiş olması hâlinde bunların düzeltilmesini isteme ve bu kapsamda yapılan işlemin kişisel verilerin aktarıldığı üçüncü kişilere bildirilmesini isteme,</li>

<li>6698 sayılı Kanun ve ilgili diğer kanun hükümlerine uygun olarak işlenmiş olmasına rağmen, işlenmesini gerektiren sebeplerin ortadan kalkması hâlinde kişisel verilerin silinmesini veya yok edilmesini isteme ve bu kapsamda yapılan işlemin kişisel verilerin aktarıldığı üçüncü kişilere bildirilmesini isteme,</li>

<li>İşlenen verilerin münhasıran otomatik sistemler vasıtasıyla analiz edilmesi suretiyle kişinin kendisi aleyhine bir sonucun ortaya çıkmasına itiraz etme,</li>

<li>Kişisel verilerin kanuna aykırı olarak işlenmesi sebebiyle zarara uğraması hâlinde zararın giderilmesini talep etme haklarına sahiptir.</li></ul></div></div>

<div style="height:40px" aria-hidden="true" class="wp-block-spacer"></div></div>

<p>Daha sürdürülebilir bir gelecek inşa etmede mimarinin kritik önemini kabul ediyoruz. Veri Sorumlusu ve Temsilcisi 6698 sayılı Kişisel Verilerin Korunması Kanunu (“6698 sayılı Kanun”) uyarınca, kişisel verileriniz; veri sorumlusu olarak Eman Halıcılık San. Ve Tic. Ltd. Şti. (“Şirket”) tarafından aşağıda açıklanan kapsamda işlenebilecektir. Kişisel Verilerin Hangi Amaçla İşleneceği Toplanan kişisel verileriniz, e-posta ile haber gönderimi [&hellip;]</p>
